at is the tens digit of k*((-8)/4)/(-2)?
4
Suppose 4*p + 295 - 2307 = -4*m, 4*p = 5*m + 1985. What is the units digit of p?
0
Let f(t) be the second derivative of t**5/20 - t**4/6 + 3*t**3/2 - 3*t**2 - 39*t. What is the tens digit of f(4)?
6
Suppose -264 - 387 = 3*t. Let j = 305 + t. What is the units digit of j?
8
Let j be (-247 + 2)*(-1 + 0). Suppose 0 = 6*m - m - j. Let s = m - 28. What is the tens digit of s?
2
Let g be (-266)/(-57)*6/(-4). What is the tens digit of (2 + g)/((-92)/(-48) + -2)?
6
Let h be ((-24)/14 + 0)/(1/(-7)). Suppose 3*r + 7*w - 4*w = -141, -4*r = -5*w + 224. What is the tens digit of 8/(-2)*r/h?
1
Suppose 2*q = -2*q + 3*h - 6, 2*h = 2*q + 4. What is the units digit of ((-18)/(-8))/((-3)/(-12) + q)?
9
Let b be (-38)/(-19)*(1 + 0). Suppose -2*r + b*s - 181 = -5*r, 2*r + s = 122. What is the tens digit of r?
6
Suppose 0 = 5*m + 2*v - 5501, -5*v = -46 + 31. What is the hundreds digit of m?
0
Let z = -66 - -45. Let p = 25 + z. What is the units digit of p?
4
Suppose 5*u = 4*k + 205, -u + 2*u - 41 = -5*k. Suppose j = -3*g + 9, -8*j + 4*g - 100 = -13*j. Let z = u - j. What is the units digit of z?
7
Let x = -19 + 36. Suppose 2*i + 7*f = 3*f, 0 = -5*i - 5*f + 15. Suppose i*b - 5*b = x. What is the tens digit of b?
1
Let u(i) = 2*i**2 - i. Let r be u(-2). Let o be (-4 - 16/4)/(-1). Suppose o*m = r*m - 58. What is the units digit of m?
9
Let s be (-3)/(-1 + (0 - 0)). Suppose 0 = w + s*w - 5*v - 12, -3*v = -4*w + 12. Suppose 129 = 2*f + w*o, 0*f - 57 = -f + o. What is the units digit of f?
0
Let a = 2 + -3. Let g be (a + -3)*(-4)/8. Let c = g + 8. What is the units digit of c?
0
Let r = 12 - 15. What is the tens digit of (1/r)/((-14)/2604)?
6
Let w(c) = c - 9. Let v be w(-7). What is the units digit of 0 - (v + 2 + 0)?
4
Suppose -5 = 5*k - k - b, 2*b = -3*k + 10. Suppose 5*t - 1825 + 200 = k. What is the hundreds digit of t?
3
Let i(x) = -11 - 6*x**2 + 6*x**2 + 0 + x**2 + 7*x. Let q be i(-8). What is the units digit of (-30)/(-45) + (-25)/q?
9
Let t = -5 + 9. Suppose 6*q - t*q = 104. Suppose -3*s + 20 = -q. What is the tens digit of s?
2
Suppose -3 = -p + 2. Let f be 5/p - (-3 - -1). Suppose 60 = -d + f*d. What is the tens digit of d?
3
Let k = 22 + -17. Let l(y) = 53*y**3 - 4*y**2 + 2*y + 7. Let g(d) = 54*d**3 - 3*d**2 + d + 6. Let z(o) = k*g(o) - 4*l(o). What is the units digit of z(1)?
8
Let a(s) = 4*s**3 + 28*s**2 + 9*s + 8. What is the hundreds digit of a(-5)?
1
Suppose 5*d - 4199 = 3*t + 761, 3*d = -2*t + 2976. What is the tens digit of d?
9
Let p(h) = h**3 + 7*h**2 - h. Let g be p(-7). Suppose 17 + g = 12*a. What is the units digit of a?
2
Let r = 6 - 15. Let m(q) = q**3 + 19*q**2 + 32*q - 50. Let o be m(-17). Let a = r - o. What is the units digit of a?
7
Let c(k) = k**2 - 12*k + 15. Let x be c(11). Suppose 2*l + 8 = 4*o, x*o - l + 4 - 14 = 0. Suppose m - 36 - o = 0. What is the tens digit of m?
3
Suppose y + 4*d + 47 = 132, -3*y = 3*d - 210. What is the tens digit of y?
6
Suppose 9 = 4*g + 4*l - 11, 0 = -4*l + 20. What is the tens digit of (g + 0 - 2563/22)*-2?
3
Suppose k - 2*c - 15 = -2*k, 0 = 4*k + c - 9. Suppose k*m - 2*o = 23 - 80, -3*o = -2*m - 38. Let v = m - -54. What is the tens digit of v?
3
Let x = 67 + -46. Let l = 141 - x. What is the tens digit of l?
2
Let t(a) = -a**3 + 12*a**2 + 20*a + 1. What is the units digit of t(13)?
2
Let m(b) = 10*b - 14. Let z be m(10). Suppose 2*p = -4*i + i + 380, 0 = 2*p + 4. Let c = i - z. What is the tens digit of c?
4
What is the hundreds digit of ((-106)/8)/((-9)/72)?
1
Let b(r) = r**3 + r**2 + 3*r + 3. Let a(q) = 2*q**3 + 2*q**2 + 7*q + 7. Let d be (4/6)/(10/(-90)). Let n(x) = d*a(x) + 13*b(x). What is the tens digit of n(3)?
2
Let j(b) = -b**2 + 2*b + 56. Let u(i) = -2*i**2 + 6*i - 4. Let d be u(2). What is the tens digit of j(d)?
5
Suppose 0 = -2*f - 4*u - 17 + 5, -3*u = -4*f + 31. Let a(c) = c + c + 9 + f. What is the units digit of a(11)?
5
Suppose 122*a = 53*a + 410688. What is the hundreds digit of a?
9
Let d = 105 - 102. Let q(u) = 15*u**2 - 3*u + 5. What is the tens digit of q(d)?
3
Let a be (-1)/10*8 + (-3)/15. What is the hundreds digit of 6 + -4 + -3 - 150/a?
1
Suppose -5*o + 6 = -5*c + 51, -2*o - 5*c + 3 = 0. Let h be (-137)/(-2) + 3/o. Let i = h + -25. What is the units digit of i?
3
Suppose -2*t - 3*l = -3*t - 15, -5*l + 25 = -2*t. Suppose -4*r + t*m - 28 = 4*m, -4*r - 22 = -2*m. Let g = r - -16. What is the tens digit of g?
1
Suppose 80*n - 79*n - 663 = 0. What is the units digit of n?
3
Let a(v) = 20*v - 3. Let h(n) be the second derivative of 161*n**3/6 - 23*n**2/2 - 6*n. Let p(k) = 23*a(k) - 3*h(k). What is the tens digit of p(-1)?
2
Let x be -30*((-112)/12)/7. Let h = x - 68. Let l = -26 - h. What is the units digit of l?
2
Let l(f) = 442*f**2 - 11*f + 10. What is the tens digit of l(1)?
4
Let y be (-2 - 1 - 0)*1 + 3. Suppose y = -g + 3*d + 166, 3*g - 263 = -5*d + 179. What is the tens digit of g?
5
Suppose 6*w - 3*w = 4*b + 90, 2*w = 5*b + 67. Suppose 0 = -5*x + 3*a + 22, -5*x + w = -0*a + a. What is the units digit of x?
5
Suppose 0 = -2*v + 2*d + 1916, 0*v - 5*v = d - 4820. What is the hundreds digit of v?
9
Let z(g) = -27*g**3 - g - 1. Let l = 12 + -8. Suppose h + l = -2*f, -5*f + f = 3*h + 10. What is the tens digit of z(f)?
2
Let h(z) = z**3 + 3*z**2 + 7*z + 10. Let d be h(-7). What is the units digit of d*(-2)/(3 + -1) + 0?
5
Suppose 0 = -6*j + 10*j + 240. What is the units digit of 1/(-2 - 124/j)?
5
Let i(z) = -6*z**2 + z + 2. Let m be i(-1). What is the tens digit of -3 + 0 - m - -304?
0
Let c = 4426 + -2837. What is the tens digit of c?
8
Let x be (-1 - 212)*(3 + (-33)/9). Suppose -4*t = -2*t - x. What is the units digit of t?
1
Suppose -p + 1266 = 5*w, -3*w + 6*p = p - 754. What is the hundreds digit of w?
2
Suppose 2*m + 0*m = -s + 15, -5*m + 4*s = -44. Suppose -c = 3*b - m, -4*b = -5*c + c. What is the tens digit of 3*(b + 22/6)?
1
Let j(o) = -o**2 - 5*o + 1. Let u be j(-4). Let f = u - 2. Suppose -63 = -4*g - f*v, 3*g + 4*v = 2*g + 6. What is the units digit of g?
8
Suppose 29*j + 910 = 31*j. What is the hundreds digit of j?
4
Suppose 5*l - 5 = o, -4*l + 4 = -0*o - 4*o. Suppose o = 7*x - 17*x + 2720. What is the hundreds digit of x?
2
Let b = -58 + 68. Suppose -246 = 8*r - b*r. What is the units digit of r?
3
Let h(v) = 2*v + 57. Let w be h(-27). Suppose 971 - 170 = w*q. What is the hundreds digit of q?
2
Suppose 0 = -3*c, 3*m + 0*m + 4*c - 435 = 0. Let h = -94 + m. What is the tens digit of h?
5
Suppose -2*d + r - 5*r = 14, 0 = -3*r - 9. Let c = 3 + d. Suppose 0 = c*x - 6*x + 128. What is the tens digit of x?
3
Let w = 16 + -30. Let l be 9/2*(11 - 5). Let g = l - w. What is the tens digit of g?
4
Suppose 0 = -16*p + 15*p + 3. Suppose 5*w - 45 = t, 2*t = -p*t + 25. What is the units digit of w?
0
Let c(r) = -42*r + 319. What is the units digit of c(-30)?
9
What is the units digit of 2*(-1)/6 - 314/(-6)?
2
What is the tens digit of (36/(-15))/(4/(-615))?
6
Let m(i) = i**3 - 2*i**2 + i + 8. Let k be m(0). Let z = 59 + -82. Let v = k - z. What is the units digit of v?
1
Let k(o) = -o**2 - 14*o - 7. Let t be k(-14). Let m = 11 + t. What is the units digit of m*((-3)/3 - -14)?
2
Let q = 1814 - 1266. What is the hundreds digit of q?
5
Suppose -7*g = -555 - 3015. What is the tens digit of g?
1
Suppose d - 13 = -14. What is the tens digit of (-20 + 2)*(d - 0)?
1
Let s(w) = -5*w**2 - w. Let d be s(-1). Let n = d - -9. Suppose n*q - 51 + 6 = 0. What is the units digit of q?
9
Let l be (3/(-2))/(12/16). Let p be (3/(-6))/(l/(-4)). What is the units digit of 10 - (1 - (0 + p))?
8
Suppose 15*z - 18*z - 6070 = -2*q, -z + 15209 = 5*q. What is the thousands digit of q?
3
Let y(b) = -30*b + 291. What is the units digit of y(-23)?
1
Let y be (76/(-8))/(2/4). Let o = 21 + y. Let l = 9 + o. What is the tens digit of l?
1
Let u(i) = 28*i**3 - 7*i**2 - 8*i + 21. Let v(j) = 9*j**3 - 2*j**2 - 3*j + 7. Let p(s) = 2*u(s) - 7*v(s). What is the tens digit of p(-3)?
6
Let g = 2030 + -231. What is the tens digit of g?
9
What is the units digit of (-1047)/(-11) - (-4)/(-22)?
5
Let p = 44 - 70. Let f = p + 79. What is the units digit of f?
3
Let s be (0 - -1 - 1)/1. Suppose s = 3*b - 5*b. Suppose b = -0*c - 5*c + 80. What is the tens digit of c?
1
Suppose -5*i + 518 